, -m + 2551 = 3*s. What is the tens digit of s?
5
Let h(m) = 2*m**2 + m + 13. Let v(c) = 5*c**2 - 6*c + 4. Let x(k) = -k**2 - k. Let q(t) = v(t) - 2*x(t). Let u be q(1). What is the units digit of h(u)?
8
Let n(j) = j + 12. Let h be 32/(-80)*(30 - 0). Let i be n(h). Suppose i = -3*l + 230 + 16. What is the tens digit of l?
8
Let j(g) = 7*g**3 + 202*g**2 + 8*g + 342. What is the units digit of j(-27)?
3
Let u = -134 + 138. Suppose -377 = 4*q - 5*y - 2276, 0 = 3*q - u*y - 1423. What is the tens digit of q?
8
Suppose -11*n + 16*n - 20 = 0. Let q be (-66)/n*9/((-135)/580). Suppose -4*o + 890 = 5*i, 4*o = -4*i + 254 + q. What is the hundreds digit of o?
2
Let u = 2 + -2. Suppose 5*h + 835 = 5*d - u*h, -4*d + h + 677 = 0. Suppose 2*o = -5*n + 6*o + d, -2*n = 3*o - 68. What is the units digit of n?
4
Let q = 58108 + -29337. Suppose 22*i - q = -4989. What is the thousands digit of i?
1
What is the units digit of ((-4367967)/18)/(-19) - 1/(-6)?
2
Suppose -193*j + 1003081 = -632208. What is the units digit of j?
3
Let y = -83 + 79. Let u be (y/6)/(1/(-6)) - 1. Suppose 0*p = 3*p + 3*d - 456, 3*d = u*p - 450. What is the tens digit of p?
5
What is the thousands digit of 3*5*(-51163)/(-105)?
7
Let m(v) = -3*v - 11. Let w(h) = 29. Let d(o) = o + 28. Let i(n) = 6*d(n) - 5*w(n). Let z(f) = 3*i(f) + 5*m(f). What is the units digit of z(7)?
5
What is the units digit of -35317*6/(-21 - -15)?
7
Let i = 347 - 338. What is the tens digit of 2/i - 7/(-252)*18892?
2
Suppose -2*y + 2 + 4 = 0. Suppose -4*c = -15*m + 19*m - 8, -m + 4*c + 17 = 0. Suppose -3*r - m*h + 95 = 0, 0*h = y*r - 3*h - 63. What is the units digit of r?
5
Let q(l) = 4 + 13 + 23*l + 34. Let v(d) = 12*d + 25. Let w(i) = -6*q(i) + 13*v(i). What is the units digit of w(10)?
9
Let m = 22712 - 21800. What is the hundreds digit of m?
9
Let r = 5390 - -10983. What is the units digit of r?
3
Suppose 121138 = 5*w + 3*n, 2*w + 15*n - 11*n = 48430. What is the thousands digit of w?
4
Let i be 68/(-6)*7/(42/54). Let h = i + 365. What is the tens digit of h?
6
Let z(n) = -n**3 - 13*n**2 - 14*n + 28. Let m = 136 - 128. Let g be (0 + (-18)/m)/((-27)/(-144)). What is the tens digit of z(g)?
5
Let t(q) = -q**3 - q**2 + 5*q + 1. Let z be t(-3). What is the tens digit of 245 + ((-6)/(-8)*z - -1)?
4
Suppose 2*d + d = -2*h - 15, -5*h + 15 = -3*d. Suppose 140 = -h*t + 5*t. What is the units digit of 1/((-7)/(-698)) - (-8)/t?
0
Suppose 30*f + 50 = -2290. What is the tens digit of (-41717)/f - 5/6?
3
Suppose 9 + 6 = 3*z. Suppose -2*m + 2*x = -3*m + 27, -z*x = -4*m + 43. Let a = 90 - m. What is the tens digit of a?
7
Suppose -13*y = -5*y - 17848. Suppose -y = 24*i - 5783. What is the units digit of i?
8
Suppose 7*l - 10*l + 69 = 0. Suppose 5*i - 27 = l. Suppose -i*b + 9*b = -65. What is the units digit of b?
5
Suppose 4*y + 835 + 525 = 0. Let r = y - -538. What is the units digit of r?
8
Let q(u) = u - 1. Let g(z) = 6*z + 21. Let h be (-2)/(-1)*(-2 - -3). Let v(x) = h*q(x) - g(x). What is the tens digit of v(-14)?
3
Suppose 9*h - 22*h + 8204 = -9*h. What is the hundreds digit of h?
0
Suppose -10*l - 19 = 1. What is the units digit of 307/(-6)*l - (-82)/(-246)?
2
Let d be 6*((4 - (-1)/(-3)) + -4). Let r(s) = -12*s - 32. Let c(z) = -z - 1. Let u(y) = 56*c(y) - 2*r(y). What is the tens digit of u(d)?
7
Suppose -783*d = -787*d + 12160. What is the hundreds digit of d?
0
What is the tens digit of (-160 - -16768)/(-6*(-2)/16)?
4
Let y be 7/((-595)/(-10)) + (-2)/17. Suppose y = -3*u + 12*u - 450. What is the units digit of u?
0
Suppose -10*y - 3920 = -8*y. Let n = -1374 - y. What is the tens digit of n?
8
Let s = 4866 - 4702. What is the tens digit of s?
6
Let q(u) be the third derivative of 0 - 5/24*u**4 + 0*u - 1/30*u**5 + u**3 + u**2 + 3/20*u**6. What is the tens digit of q(2)?
3
Let p be -6*(3820/3)/(-10). Let i = p + -435. What is the tens digit of i?
2
Let o(r) = -4*r + 65. Let h be o(15). Suppose 655 = h*d + 5*g, -3*d = -2*d - g - 121. What is the units digit of d?
6
Let k = 1860 - 1824. Suppose -8*r = -3*r - 15. What is the units digit of ((k/8)/r)/(3/132)?
6
What is the thousands digit of (-6 - (-20462)/(-65))*10*-10?
2
Let z be (1 + 138/12)/(3/216). Suppose -309*t + 319*t - z = 0. What is the tens digit of t?
9
Suppose -3*p + 0*p + 760 = m, -2*p + 3*m = -503. Suppose 1124*g - 950 = 1122*g. Let v = g - p. What is the units digit of v?
2
Let w(d) = -d**3 - 7*d**2 - 2*d + 26. Let o be w(-6). What is the tens digit of (-2)/(o*(-2)/(4 - -804))?
0
Let f = -1307 + 3878. What is the units digit of f?
1
Suppose 3*j - 3*i + 297 = 0, 111 = -5*j - 2*i - 363. Let f be 146*((-156)/j + (-1)/8). Let q = 332 - f. What is the tens digit of q?
1
Let j(v) = v**3 + v**2 + 2. Let q be j(0). Let b = -916 - -921. Suppose -b*x + 2*n + 81 = -468, q = -n. What is the hundreds digit of x?
1
Let y = 1628 + -603. Suppose 1755 = 5*t - 6*q + 11*q, y = 3*t - 4*q. What is the units digit of t?
7
Suppose -5*k + 6*k = 26. Let a = -23 + k. What is the tens digit of 5 - -7 - (-9)/a?
1
Let u(q) = -16*q - 346. Let k be u(-22). Suppose p = -12 - 15. What is the units digit of (p/k + 4)*-2?
1
Let w(a) = 5*a + 96. Let j be w(-22). Let o(n) = n**2 + 4*n + 15. What is the tens digit of o(j)?
5
Let u(y) = -y**2 - 20*y. Let k(z) = 2*z - 34. Let p be k(18). Suppose 0 = 4*b - p*i + 72, -2*b + 5*i = 24 + 20. What is the units digit of u(b)?
1
Suppose -3*p + 5*t + 2392 = 0, 0 = 17*p - 15*p - 2*t - 1592. What is the tens digit of p?
9
Suppose 0 = 4*g - g, -70563 = -3*z - 3*g - 9015. What is the ten thousands digit of z?
2
Suppose 13 = 3*l - 4*s + 47, -3*s = 2*l. Let g be (10 - 0)*(-57)/l. Suppose -g - 13 = -2*k. What is the tens digit of k?
5
Suppose -31*c = 43*c - 296666. What is the thousands digit of c?
4
Let u(d) = d**3 - 6*d**2 - 70*d + 351. What is the hundreds digit of u(40)?
9
Let s = 194 + -194. Suppose 57*z - 55*z - 178 = s. What is the tens digit of z?
8
Suppose 14*k = 507816 - 82608. What is the thousands digit of k?
0
Let j be (-1 + 0 + -107)/((-34)/119). Suppose -382*v + j*v = -288. What is the units digit of v?
2
Let g(w) = 13*w - 18. Let a be -35 + 39 + (-12)/(-2). What is the hundreds digit of g(a)?
1
Let r(i) = 58*i**3 - 2*i**2 + 6*i - 13. Let m = -242 - -244. What is the units digit of r(m)?
5
Suppose -w - 11 = -v, 3*w - 14*v + 13 = -16*v. Let i(p) = -83*p - 73. What is the hundreds digit of i(w)?
5
Let g = 3767 + -1354. What is the tens digit of g?
1
Let p = -40 - -43. Suppose 5*s + 2 = -4*m, -2*m - p*m + 2*s + 14 = 0. What is the units digit of m/(3/(-3)) + 37?
5
Suppose -4*q + 83680 = -4*s, 43*s - 48*s + 83689 = 4*q. What is the tens digit of q?
2
Let b = 22 + -20. Suppose -4*g - b = 2*w, 0*w + 2*w + 2 = g. What is the hundreds digit of g + -1 - (-176 - (-10 - -5))?
1
Let y(x) = 3*x**2 - 18*x - 41. Suppose 15*f + 2*w - 9 = 14*f, -5*w = 4*f - 51. What is the units digit of y(f)?
0
Suppose -4*m = n - 216094, 12*m = 14*m - 2*n - 108062. What is the units digit of m?
5
Suppose 5*f - 3*z = -0*z + 6, 0 = -4*f + z + 9. Suppose 3 = -f*c, -h - 2 = -5*c - 1310. What is the hundreds digit of h?
3
What is the units digit of 7534/(-4)*9576/(-342)?
8
Let n be 6 + (5/(-1) - -4). Suppose -745 = -3*a - 4*l + 405, -2*l = n*a - 1926. What is the tens digit of a?
8
Let r = 61 - 37. Suppose -6*u = -r - 150. Suppose -2*a - 3*j + 11 = -26, -u = -4*a + 3*j. What is the tens digit of a?
1
Let b = 190 - 272. Let x = b - -188. What is the hundreds digit of x?
1
Suppose 24816 = 12*r - 7884. Let w = r + -1077. What is the tens digit of w?
4
Let f(i) = 1071*i - 882. What is the thousands digit of f(25)?
5
Let j = 62739 - 38493. What is the hundreds digit of j?
2
Suppose u - z = -175, -z = u + 2*z + 163. Let c = u - -339. What is the units digit of c?
7
Let m = 2811 + -1466. What is the units digit of m?
5
Let m = 10363 - -19184. What is the ten thousands digit of m?
2
Let l = 972 - 649. Suppose 3*d - 82 = l. What is the tens digit of d?
3
Let x be (-138)/(-5)*(1160/(-6))/(-2). Suppose -8*h + 4780 = -x. What is the tens digit of h?
3
Suppose 0*o - 3*z - 423 = -3*o, -288 = -2*o - z. What is the tens digit of o?
4
Let r(s) be the first derivative of s**3/3 - 13*s**2/2 + 39*s - 76. Suppose 2*c + 15 - 33 = 0. What is the units digit of r(c)?
3
Let g = 53 - -4. Suppose -4*s - g - 